st common divisor of 147458 and 34.
34
What is the greatest common divisor of 6016 and 7144?
376
Calculate the greatest common factor of 274958 and 34.
34
What is the greatest common divisor of 309488 and 1472?
368
What is the highest common factor of 183 and 36905?
61
Calculate the greatest common factor of 48314 and 476.
238
What is the highest common factor of 498985 and 115?
115
Calculate the highest common divisor of 15410 and 920.
230
What is the greatest common factor of 145 and 950185?
145
Calculate the highest common divisor of 4917992 and 24.
8
Calculate the highest common divisor of 6961157 and 322.
161
What is the greatest common divisor of 1362 and 48?
6
What is the greatest common divisor of 1270 and 153162?
254
Calculate the greatest common factor of 810 and 40.
10
What is the greatest common factor of 20 and 3720140?
20
What is the highest common factor of 14974 and 106?
2
What is the greatest common divisor of 4536 and 1960?
56
What is the greatest common divisor of 66 and 734404?
22
What is the highest common divisor of 55 and 51790?
5
What is the highest common divisor of 18949 and 364?
7
What is the highest common factor of 3820420 and 20?
20
What is the highest common factor of 186 and 711?
3
What is the highest common factor of 6953 and 4499?
409
What is the highest common factor of 35 and 195055?
35
What is the greatest common factor of 4 and 99692?
4
What is the greatest common factor of 520 and 26260?
260
What is the highest common factor of 6 and 6747570?
6
What is the highest common factor of 341 and 8173?
11
Calculate the greatest common factor of 1452 and 160.
4
What is the greatest common divisor of 13 and 3893773?
13
Calculate the highest common divisor of 9 and 129771.
9
Calculate the highest common divisor of 247046 and 202.
202
Calculate the greatest common factor of 255849 and 15.
3
Calculate the highest common factor of 6458454 and 685.
137
What is the greatest common divisor of 9474 and 426?
6
Calculate the greatest common factor of 45974 and 9050.
362
What is the greatest common divisor of 520 and 23972?
52
What is the greatest common divisor of 2390 and 1460?
10
What is the highest common divisor of 143233 and 774?
43
What is the greatest common factor of 3808103 and 13?
13
What is the highest common divisor of 37592 and 296?
296
Calculate the greatest common divisor of 626939 and 7512.
313
What is the highest common divisor of 7176 and 62376?
552
What is the highest common factor of 2745 and 1287?
9
What is the highest common divisor of 6296 and 1?
1
What is the greatest common factor of 742367 and 1784?
223
Calculate the highest common divisor of 194614 and 14.
14
Calculate the greatest common divisor of 50 and 3446050.
50
Calculate the greatest common divisor of 9 and 4612689.
9
What is the highest common factor of 870 and 45570?
30
Calculate the greatest common factor of 840 and 2910.
30
Calculate the greatest common factor of 707808 and 292.
292
Calculate the greatest common divisor of 118305 and 23925.
165
What is the greatest common factor of 6030 and 738?
18
What is the highest common factor of 161 and 5267?
23
What is the highest common factor of 3321 and 1711422?
1107
Calculate the highest common divisor of 556742 and 928.
58
Calculate the highest common divisor of 2151680 and 410.
410
What is the greatest common divisor of 550 and 128810?
110
What is the highest common divisor of 1935769 and 11?
11
Calculate the greatest common factor of 20 and 306380.
20
What is the greatest common factor of 120708 and 7476?
84
What is the greatest common divisor of 1431 and 30687?
159
Calculate the greatest common divisor of 127500 and 375.
375
What is the highest common divisor of 175 and 23150?
25
Calculate the highest common factor of 20811 and 3.
3
What is the greatest common factor of 2220 and 629148?
444
What is the greatest common factor of 228064 and 128?
32
Calculate the highest common divisor of 5268 and 246718.
878
Calculate the highest common factor of 700326 and 2430.
486
Calculate the greatest common divisor of 63160 and 48.
8
Calculate the greatest common divisor of 325 and 8725.
25
Calculate the highest common factor of 62300 and 100.
100
Calculate the greatest common factor of 278 and 43.
1
Calculate the highest common factor of 399 and 210387.
57
What is the greatest common divisor of 18 and 26847?
9
What is the highest common divisor of 3480 and 11496?
24
Calculate the greatest common factor of 33048 and 567.
81
Calculate the greatest common divisor of 69237 and 105.
21
Calculate the highest common divisor of 49159 and 218.
109
What is the greatest common divisor of 2396048 and 736?
368
What is the highest common factor of 384 and 54112?
32
Calculate the greatest common factor of 117252 and 18.
18
What is the highest common divisor of 713 and 187?
1
Calculate the highest common divisor of 39816 and 2520.
504
Calculate the greatest common factor of 4898868 and 3224.
1612
Calculate the highest common divisor of 346855 and 5.
5
Calculate the highest common factor of 5291 and 8177.
481
What is the highest common factor of 163154 and 582?
194
Calculate the greatest common factor of 1118100 and 24.
12
Calculate the greatest common divisor of 88592 and 3920.
784
Calculate the greatest common divisor of 2154540 and 45.
15
Calculate the highest common factor of 265960 and 64.
8
What is the greatest common factor of 32820 and 120?
60
What is the greatest common factor of 149644 and 440?
44
What is the greatest common divisor of 1809 and 5022?
27
Calculate the highest common divisor of 65 and 361985.
65
Calculate the greatest common factor of 24 and 185896.
8
Calculate the highest common factor of 238 and 168.
14
Calculate the greatest common factor of 841 and 3712.
29
Calculate the highest common factor of 4313 and 16853.
19
What is the highest common factor of 73 and 70226?
73
Calculate the highest common divisor of 2130 and 329298.
426
Calculate the greatest common divisor of 492 and 9717.
123
What is the greatest common divisor of 3703 and 1932?
161
Calculate the highest common divisor of 384 and 37446.
6
Calculate the highest common divisor of 301287 and 105.
21
What is the greatest common divisor of 4964 and 657?
73
What is the highest common divisor of 132 and 3180?
12
What is the greatest common factor of 92988 and 30135?
861
What is the highest common factor of 5709 and 3979?
173
Calculate the greatest common factor of 538770 and 120.
30
What is the greatest common factor of 23532 and 2220?
444
Calculate the greatest common factor of 34294 and 26.
26
Calculate the highest common divisor of 81 and 9.
9
Calculate the greatest common factor of 38952 and 216.
72
What is the greatest common factor of 5448 and 125985?
681
What is the highest common factor of 27787668 and 12?
12
Calculate the highest common divisor of 247058 and 392.
98
Calculate the greatest common factor of 4208 and 56.
8
What is the greatest common divisor of 748 and 1054?
34
Calculate the highest common factor of 1846 and 4966.
26
What is the greatest common factor of 25527 and 110109?
381
Calculate the highest common divisor of 183 and 123159.
183
Calculate the highest common factor of 64 and 31088.
16
What is the highest common divisor of 13053 and 1?
1
Calculate the highest common divisor of 40 and 189260.
20
What is the greatest common factor of 3089155 and 170?
85
Calculate the greatest common divisor of 1021310 and 3710.
530
Calculate the highest common factor of 322 and 2366.
14
Calculate the highest common factor of 5170 and 5830.
110
What is the highest common factor of 502479 and 279?
279
What is the highest common divisor of 200 and 904?
8
Calculate the greatest common divisor of 8253 and 25545.
393
What is the highest common divisor of 40 and 41320?
40
What is the highest common factor of 180 and 188540?
20
Calculate the highest common factor of 547 and 8463731.
547
Calculate the highest common factor of 295 and 920046.
59
What is the greatest common divisor of 492 and 11972?
164
Calculate the greatest common divisor of 39 and 85917.
39
What is the highest common divisor of 126055 and 85?
85
What is the highest common divisor of 7835 and 10?
5
Calculate the highest common factor of 95745 and 55185.
195
Calculate